- (-13 - h) - -404 a composite number?
True
Suppose -8*b - 8588 + 30580 = 0. Suppose 4*q - 11415 - b = 0. Is q prime?
True
Suppose -3*b + 6*b - 11 = -2*d, 4 = 4*b. Suppose -3031 = -3*l + c + 3989, -5*l = d*c - 11683. Is l a prime number?
True
Suppose 0 = 2*r + q - 1156016, -471*r = -473*r - 2*q + 1156022. Is r a prime number?
False
Suppose 8469*g = 8460*g + 2177163. Is g prime?
True
Let l(p) = p**3 + 20*p**2 + 15*p + 6. Let o = -20 + 0. Let i be l(o). Let t = i - -529. Is t a prime number?
False
Let h be -3*((-8)/6)/1. Let c = h - 0. Suppose c*a + 142 = 4450. Is a a composite number?
True
Let y(i) = 12*i - 199. Let k be y(17). Suppose 9*s - 10133 = -z + 12*s, s + 50665 = k*z. Is z prime?
True
Suppose 0 = -8*z + 3*z - 3*z + 391192. Is z prime?
False
Let p(t) = -334*t + 681221. Is p(0) prime?
True
Is (-1701186)/(-5) + (-2)/10 composite?
False
Suppose -3*b - 9 = 0, -112*b + 108*b = 5*z - 237343. Is z prime?
False
Let b = -56945 + 171018. Is b a composite number?
False
Let v = -165642 + 232279. Is v prime?
False
Suppose -p - 3*s + s - 530 = 0, -5*p - 4*s = 2626. Let a be 3/(-3) - 3 - p. Suppose -7*i + 1757 = a. Is i prime?
False
Suppose 4*h + 10364 + 1900 = 0. Let a = h + 5408. Is a a prime number?
False
Suppose 0 = 3*h - 4*u - 4160, h + 4*u - 1446 = -70. Suppose -g - 103 = -3*c - h, -g = 0. Let s = c - -1214. Is s composite?
False
Suppose 0 = -3*p - d + 10, -p + 0*d - 1 = -4*d. Suppose 0 = 4*j - 3*c - 8, 4*j = -4*c + 5 + p. Is ((-2391)/(-2))/((j/(-4))/(-1)) prime?
False
Suppose -t + 356515 = 2*a, -2305823 = -4*t - 2*a - 879799. Is t a composite number?
True
Is ((-1527733)/(-57))/(27/405) composite?
True
Let i(t) = 612*t - 61. Suppose 0 = -5*z + 10, 15 = 4*n + 3*z - 39. Is i(n) prime?
True
Suppose 70 = 1807*y - 1800*y. Suppose -5*d = 4*o - 32702, -y*o + 9*o = -3*d - 8167. Is o composite?
True
Let s be (10 - 1504/(-24))/((-2)/(-9)). Suppose o - 6412 = -s. Is o prime?
False
Suppose 9*s - 99175 = -2*y + 12*s, 0 = -5*y - 2*s + 247928. Is y prime?
False
Let r(p) = -498*p**3 - p**2 + 6*p + 6. Is r(-5) a composite number?
False
Let i = 208169 - 65700. Is i composite?
False
Let q = 71 - 55. Let x = q + 141. Is x a composite number?
False
Let t(y) = -y**3 + 4*y**2 + y - 10. Let n be t(5). Let c = n + 33. Suppose -5*a = -2*m - 3723, -2*a + 3*a = c*m + 742. Is a a prime number?
False
Let q(x) = 455*x + 86. Is q(5) a composite number?
True
Suppose 16*k - 86555 - 148149 = 0. Is k a prime number?
True
Suppose 12*f + 32 = 4*f. Let p be (-3)/(-12) - -2 - 3/f. Suppose p*g + 4*c - 673 = 0, c - 3 = -2*c. Is g composite?
False
Suppose 0 = 2*k - 59*x + 60*x - 2305, -2*k - 4*x + 2314 = 0. Is k composite?
False
Let s be (-1 + -5)/2 + 96. Suppose -s*q + 30919 = -86*q. Is q a prime number?
False
Let y(l) = 1844*l**3 - 33*l**2 + 12*l - 5. Let d(c) = 615*c**3 - 11*c**2 + 4*c - 1. Let s(r) = -7*d(r) + 2*y(r). Is s(-5) a prime number?
True
Let o(h) = h**2 + 8*h - 8. Let x be o(-9). Let f be (0/18)/(-1 + (0 - x)). Suppose 5*a - 84 - 531 = f. Is a prime?
False
Suppose -3*i - n + 18 = i, 0 = 3*i + 2*n - 16. Suppose -5*d + 46899 = 2*c, 9*d = 7*d + i*c + 18750. Is d a composite number?
True
Let y(v) = -v**3 + v**2 + 3*v + 19. Let f be y(0). Suppose -f*s = 23542 - 178335. Is s prime?
True
Let s = 592 - 801. Let t be (2 - 1)/1*-3. Is (-2 + s)/(t - -2) a prime number?
True
Suppose -y - 370462 = -5*y + 695326. Is y composite?
False
Let r = 172 + -169. Suppose q - 3*x - 8657 = 0, 43285 = 2*q + r*q - 5*x. Is q composite?
True
Let i(p) = 3159*p + 33. Let j be i(4). Let f = 31904 - j. Is f a composite number?
True
Let j(f) = -f**3 - 14*f**2 - 16*f - 167. Let p be j(-14). Suppose 0 = -r - 3*o + 1961, p = 2*o + 65. Is r a prime number?
True
Suppose 2*c + 87 = -3*m, 0 = -6*c + 4*c + 5*m - 47. Suppose 2*p = -p + 1602. Is -3*16/c*p/4 prime?
False
Let k = 29281 + -20734. Suppose 4*x + k = a, x = -2*x + 4*a - 6420. Let g = -785 - x. Is g prime?
False
Let p(n) be the second derivative of -5/2*n**2 + 0 - 1/3*n**3 - 18*n + 1/2*n**4. Is p(4) composite?
False
Let d(s) = s**3 + 7*s**2 + 13*s + 6. Let i be d(-4). Is 1105/i + (-19)/(-38) a composite number?
True
Suppose 0*r - r = -5*y + 4, 0 = 3*y + 2*r - 5. Is (-3 - (-10 - -5))*y + 3249 a prime number?
True
Is (2 + 69429)/(141/987) a composite number?
True
Suppose 23*k - 3507202 = -258291. Is k prime?
True
Suppose -3*k = -15*k + 60. Let j(p) = -p + k*p - 6*p + 0*p + 2249. Is j(0) composite?
True
Let x(b) = 57*b + 301. Let u be x(29). Let v = 337 + u. Is v prime?
False
Is ((-72)/(-180))/(12/10)*165147 a composite number?
False
Suppose 4*y + 2*g + 114 = 0, 3*y - 4*y - 3*g - 21 = 0. Let i = y - -30. Suppose -3*q + 5881 = 4*o, 2*o - 2947 = -i*o + 5*q. Is o prime?
True
Let o = 31699 + 83244. Is o a composite number?
True
Let l = 759240 + -484891. Is l a composite number?
False
Suppose 6*l - 2 = 28. Suppose -l*m = w - 6*m - 14, -2*w + 58 = 4*m. Is w a composite number?
False
Let s(i) be the third derivative of i**5/60 + i**4/12 + 3*i**3/2 + 31*i**2. Let c be s(6). Let n = c - -128. Is n a prime number?
False
Let z(m) = 1. Let n(s) = 874*s - 134. Let h(p) = -n(p) + 2*z(p). Let i(c) = 175*c - 27. Let w(u) = 2*h(u) + 11*i(u). Is w(12) composite?
False
Let z(s) = s + 1. Let q(l) = 3*l - 31 - 60*l - 57*l. Let i(f) = -q(f) + 6*z(f). Is i(9) composite?
False
Let g = -302 + -1013. Suppose 3*y - 1354 = -2*k + 10100, -3*y + 11454 = 3*k. Let i = y + g. Is i prime?
True
Let g(r) be the third derivative of -151*r**4/24 + r**3/6 + 16*r**2. Let w(i) = -i. Let s(n) = g(n) - 6*w(n). Is s(-4) a composite number?
True
Suppose -p - 4*t - 16 = -0*t, 0 = -p + 5*t + 2. Let f(d) = -3*d**3 - 5*d**2 - 4*d + 1. Is f(p) a prime number?
True
Is (172/(-1634))/((-6)/90495309) prime?
True
Let l be 18/(116/88 + 4/22). Is l + -9 + 3 + 13991 a composite number?
False
Is (-4 - 1)/((-85)/5757611) prime?
True
Let s(x) = -23*x**2 - 18*x - 5. Let h(p) = 11*p**2 + 9*p + 3. Let a(b) = 9*h(b) + 4*s(b). Let r = 1147 + -1160. Is a(r) a composite number?
True
Let z = 38 + -34. Suppose 0*p + 3*p = 3*u + 492, 5*p + z*u = 838. Let g = 309 - p. Is g composite?
True
Suppose -5*j = -4*a + 454, 3*a = -3*j + j - 177. Is ((-35160)/j)/((-3)/((-18)/4)) composite?
True
Suppose -2*s = -2*k + 4 + 2, -k = -4*s. Suppose -10*m + k*y = -9*m - 3151, 5*y = 15. Is m a composite number?
False
Let o = -31039 + 63306. Is o prime?
False
Let o(v) = -53 - 31 + 62 - 3*v. Let w be o(-7). Is w/(-8) - 421083/(-104) prime?
True
Let t be 0 - (-290)/22 - 6/33. Suppose t*g = 11*g + 31370. Is g a composite number?
True
Let c(k) = 321*k**3 + k**2 - 10*k + 11. Let i = 113 + -110. Is c(i) a prime number?
False
Let o be (0 + -3)*(1 + -2). Suppose -o*x = 15, 3*x - 16180 = -3*h - 982. Is h composite?
True
Let f(b) = -610*b + 389. Let z be f(-25). Let h = -10808 + z. Is h composite?
False
Let c = -160180 - -257603. Is c a composite number?
False
Let i(u) = -337*u**3 + 180*u + 1477. Is i(-8) prime?
False
Suppose -10*k + 27 + 23 = 0. Let c(h) = 13*h**3 + 6*h**2 - 4*h + 18. Let j(o) = 25*o**3 + 11*o**2 - 7*o + 37. Let u(g) = k*c(g) - 3*j(g). Is u(-5) composite?
True
Suppose 2*g = 3*f - 1126, -8*g + 11*g = -2*f + 768. Let v = f - -5435. Is v composite?
False
Is (6*2/(-60))/(2/(-863110)) composite?
False
Suppose 5*w + 0*v = 4*v + 1, -2*v + 7 = 5*w. Let c(i) = -123*i**3 + 2*i - 1. Let b be c(w). Is 3 - ((-2)/(-1) - 0)*b a prime number?
False
Suppose 86*u + 14213318 = 47*u + 53*u. Is u a composite number?
True
Let m be (-1022 - 4)*103/(-2). Suppose 76*q - 73*q = m. Is 8/14 - q/(-133) a prime number?
False
Let f(k) = 7*k**3 - 6*k**2 - 6*k + 11. Suppose -6 = -2*b - 2*s, -12*s + 16*s = -b - 12. Is f(b) prime?
True
Suppose 77*k + 1873895 = 5*v + 74*k, 0 = 2*v + 4*k - 749558. Is v a composite number?
True
Let s = -91 + 79. Let r be (s/15)/(1952/980 + -2). Suppose t + r = 3*t. Is t a prime number?
False
Let z(x) = x**2 + 42*x - 43. Let v be z(-43). Suppose 28*r - 52762 - 23706 = v. Is r composite?
False
Let b(t) = 71*t + 3540. Let w be b(-44). Suppose -5*s + s - 1140 = 0. Let h = s + w. Is h prime?
True
Let f = -627 + 619. Let u(o) = -10*o**2 + 0*o**2 - 19*o + 19 + 2*o**3 - 3*o**3. Is u(f) composite?
False
Suppose -16*h - 3*x + 973213 = -12*h, 4*h - 3*x = 973195. Is h a prime number?
True
Let v(q) = -831*q**3 + 7*q**2 + 23*q + 43. Is v(-8) a prime numbe